{"id":25,"date":"2016-06-06T09:56:58","date_gmt":"2016-06-06T09:56:58","guid":{"rendered":"http:\/\/lanoveladelapatagonia.com\/?page_id=25"},"modified":"2016-07-14T08:07:49","modified_gmt":"2016-07-14T08:07:49","slug":"ignacio-prieto-del-egido","status":"publish","type":"page","link":"https:\/\/lanoveladelapatagonia.com\/","title":{"rendered":""},"content":{"rendered":"<p>&nbsp;<\/p>\n<p><center><a href=\"http:\/\/lanoveladelapatagonia.com\/wp-content\/uploads\/2016\/06\/foto_ebook_patagonia_peq.jpg\"><img loading=\"lazy\" decoding=\"async\" class=\"aligncenter wp-image-167\" src=\"http:\/\/lanoveladelapatagonia.com\/wp-content\/uploads\/2016\/06\/foto_ebook_patagonia_peq-222x300.jpg\" alt=\"foto_ebook_patagonia_peq\" width=\"380\" height=\"514\" srcset=\"https:\/\/lanoveladelapatagonia.com\/wp-content\/uploads\/2016\/06\/foto_ebook_patagonia_peq-222x300.jpg 222w, https:\/\/lanoveladelapatagonia.com\/wp-content\/uploads\/2016\/06\/foto_ebook_patagonia_peq.jpg 400w\" sizes=\"auto, (max-width: 380px) 100vw, 380px\" \/><\/a><\/center><strong>\u00a0<\/strong><\/p>\n<h3>Ignacio Prieto del Egido<\/h3>\n<p>De familia de pr\u00f3speros comerciantes, concluy\u00f3 su carrera de Perito Mercantil en Le\u00f3n y decidi\u00f3 emigrar a Argentina donde ten\u00eda parientes y amigos. Lleg\u00f3 a Am\u00e9rica en Mayo de 1914 y, tras dos a\u00f1os en Buenos Aires, su esp\u00edritu aventurero le llev\u00f3 a la Patagonia donde pas\u00f3 20 a\u00f1os.<\/p>\n<p>Habit\u00f3 en diversos parajes del Chubut y Neuqu\u00e9n, \u00a0como Zapala, Chos Malal, etc., para asentarse finalmente en Buta Ranquil donde vivi\u00f3 12 a\u00f1os. Trabaj\u00f3 siempre como tenedor de libros y tambi\u00e9n \u201cbolichero\u201d de compa\u00f1\u00edas comerciales, experiencias que narra en \u201cLa Novela de la Patagonia\u201d.<\/p>\n<p>Ignacio vivi\u00f3 de los n\u00fameros pero su gran pasi\u00f3n eran las letras; y mientras atend\u00eda sus negocios, fue autor de poes\u00eda, teatro y ensayo; al tiempo que articulista en revistas y diarios tanto de Buenos Aires como de Chile. Escribi\u00f3 poes\u00eda, como : \u201cCanto de amor\u201d (1919); \u201cDe la vida \u201c(1929); \u00f3 la m\u00e1s famosa : \u201cNieve volada: poemas patag\u00f3nicos\u201d (1949). En cuanto a teatro escribi\u00f3 las obras : \u201cVidas tr\u00e1gicas\u201d (1935); y \u201cTres obras patag\u00f3nicas\u201d (1946). Y su mejor obra c\u00f3mo ensayista fue : \u201cBartolom\u00e9 Mitre, figura universal\u201d (1964). Redact\u00f3 diversos art\u00edculos para las revistas \u201cClaridad\u201d, \u201cLa Chacra\u201d y \u201cLa Prensa\u201d; y fue colaborador del Diario \u201cLa Naci\u00f3n\u201d de Buenos Aires y de \u201cEl Pensamiento Astorgano\u201d hasta sus \u00faltimos a\u00f1os.<\/p>\n<p>Su obra m\u00e1s conocida <strong>\u201cLa Novela de la Patagonia<\/strong>\u201d fue publicada en 1938. Se reedita en segunda edici\u00f3n, revisada por su sobrina la Dra Julia G\u00f3mez Prieto..<\/p>\n<p><strong>\u00a0 \u00a0 \u00a0 \u00a0 \u00a0 \u00a0 \u00a0 \u00a0 \u00a0 \u00a0 \u00a0 \u00a0 \u00a0 \u00a0 \u00a0 \u00a0 \u00a0 \u00a0 \u00a0 \u00a0 \u00a0 \u00a0 \u00a0 \u00a0 \u00a0 \u00a0 \u00a0 \u00a0 \u00a0 \u00a0 \u00a0 \u00a0 \u00a0 \u00a0 \u00a0 \u00a0 \u00a0 \u00a0 \u00a0 \u00a0 \u00a0 \u00a0 \u00a0 \u00a0 \u00a0 \u00a0 *\u00a0\u00a0 * <\/strong><\/p>\n<p><strong>El protagonista, German<\/strong> , harto de su vida y su trabajo en la gran ciudad, decide emprender su gran aventura personal. Un esp\u00edritu joven en busca de nuevas experiencias en una tierra que se abre a la modernidad y que ofrece oportunidades de todo tipo.<\/p>\n<p>Germ\u00e1n descubrir\u00e1 la libertad de las tierras amplias y semi salvajes, el aire limpio y libre de las tierras australes. Descubrir\u00e1 los valores y tradiciones de sus primigenios habitantes, los indios, oprimidos y explotados por los blancos, los conquistadores, los nuevos propietarios.<\/p>\n<p>La novela constituye un magn\u00edfico fresco de la Patagonia de los a\u00f1os 1915-1930, de las tierras altas del Neuqu\u00e9n en un momento clave de su cambio desde el abandono secular hacia los nuevos tiempos modernos.<\/p>\n<p>Es tambi\u00e9n un libro de viajes, ubicado en plena naturaleza, un continuo vagar por los paisajes abiertos, de una naturaleza salvaje e ind\u00f3mita como la raza que la habita.<\/p>\n<p>En cierto sentido es un libro de aventuras , de conflictos sociales, de luchas personales, de sucesos imprevistos que moldean la vida de Germ\u00e1n. Pero es tambi\u00e9n un libro de aventura personal, de cambio en la vida de un muchacho en sus mejores a\u00f1os, de sus experiencias y amarguras, de sus sue\u00f1os e ilusiones, hasta convertirse en el gran escritor que aspira a ser.<\/p>\n<p>&nbsp;<\/p>\n<p style=\"text-align: center;\"><strong>*\u00a0\u00a0 *<\/strong><\/p>\n","protected":false},"excerpt":{"rendered":"<p>&nbsp; \u00a0 Ignacio Prieto del Egido De familia de pr\u00f3speros comerciantes, concluy\u00f3 su carrera de Perito Mercantil en Le\u00f3n y decidi\u00f3 emigrar a Argentina donde ten\u00eda parientes y amigos. Lleg\u00f3 a Am\u00e9rica en Mayo de 1914 y, tras dos a\u00f1os en Buenos Aires, su esp\u00edritu aventurero le llev\u00f3 a la Patagonia donde pas\u00f3 20 a\u00f1os. [&hellip;]<\/p>\n","protected":false},"author":1,"featured_media":0,"parent":0,"menu_order":0,"comment_status":"closed","ping_status":"closed","template":"","meta":{"footnotes":""},"class_list":["post-25","page","type-page","status-publish","hentry"],"_links":{"self":[{"href":"https:\/\/lanoveladelapatagonia.com\/index.php?rest_route=\/wp\/v2\/pages\/25","targetHints":{"allow":["GET"]}}],"collection":[{"href":"https:\/\/lanoveladelapatagonia.com\/index.php?rest_route=\/wp\/v2\/pages"}],"about":[{"href":"https:\/\/lanoveladelapatagonia.com\/index.php?rest_route=\/wp\/v2\/types\/page"}],"author":[{"embeddable":true,"href":"https:\/\/lanoveladelapatagonia.com\/index.php?rest_route=\/wp\/v2\/users\/1"}],"replies":[{"embeddable":true,"href":"https:\/\/lanoveladelapatagonia.com\/index.php?rest_route=%2Fwp%2Fv2%2Fcomments&post=25"}],"version-history":[{"count":18,"href":"https:\/\/lanoveladelapatagonia.com\/index.php?rest_route=\/wp\/v2\/pages\/25\/revisions"}],"predecessor-version":[{"id":244,"href":"https:\/\/lanoveladelapatagonia.com\/index.php?rest_route=\/wp\/v2\/pages\/25\/revisions\/244"}],"wp:attachment":[{"href":"https:\/\/lanoveladelapatagonia.com\/index.php?rest_route=%2Fwp%2Fv2%2Fmedia&parent=25"}],"curies":[{"name":"wp","href":"https:\/\/api.w.org\/{rel}","templated":true}]}}