{"id":194,"date":"2016-06-29T10:17:48","date_gmt":"2016-06-29T10:17:48","guid":{"rendered":"http:\/\/lanoveladelapatagonia.com\/?page_id=194"},"modified":"2016-06-29T10:20:32","modified_gmt":"2016-06-29T10:20:32","slug":"dra-julia-gomez-prieto","status":"publish","type":"page","link":"http:\/\/lanoveladelapatagonia.com\/?page_id=194","title":{"rendered":"Autora de la web"},"content":{"rendered":"<p>Dra. Julia G\u00f3mez Prieto<\/p>\n<p>Profesora Em\u00e9rita de la Universidad de Deusto (Bilbao. Espa\u00f1a).<\/p>\n<p>Doctora en Historia Moderna y Contempor\u00e1nea por la Universidad de Deusto.<\/p>\n<p>Profesora de la Facultad de Historia de la misma Universidad entre 1974 y 1992.<\/p>\n<p>Trabaja desde 1972 sobre la Historia de Balmaseda (Bizkaia, Pa\u00eds Vasco), sobre cuyas investigaciones ha publicado  su Tesis  Doctoral \u201c Balmaseda en el Antiguo R\u00e9gimen  Siglos XVI-XIX. Una villa vizca\u00edna en el Antiguo R\u00e9gimen  \u201c (1991); \u201c Balmaseda , una historia local \u201c<br \/>\n( 1991 ) ; \u201c El eje Bizkaia \/ Sevilla-C\u00e1diz \/ Am\u00e9rica \u201c ( 1992 );  \u201cColecci\u00f3n Malseda \u201c   2 tomos de historiograf\u00eda y documentaci\u00f3n in\u00e9dita en 1995 ;  y m\u00e1s de una treintena  de art\u00edculos de revista, conferencias y ponencias sobre la villa de Balmaseda .<\/p>\n<p>Es Miembro de la  Real Sociedad Bascongada  de Amigos  del Pa\u00eds (R.S.B.A.P.).<br \/>\nComisaria del VIII Centenario de la Fundaci\u00f3n de Balmaseda en 1.998  y 1.999.<br \/>\nMiembro  de la  F.E.H.M. (Fundaci\u00f3n Espa\u00f1ola de Historia Moderna)<\/p>\n<p>Diplomada en Turismo por la Universidad de Deusto.<br \/>\nDiplomada en Marketing Estrat\u00e9gico Aplicado por el Instituto de Turismo de la  George Washington University,   Washington D.C., EE.UU. (1988).<br \/>\nProfesora Titular  en la Diplomatura de Turismo de la U. de Deusto entre 1995 y 2008.<\/p>\n<p>Tiene publicados una veintena de  libros sobre Turismo, entre ellos:<br \/>\n\u201cOr\u00edgenes del Turismo en Bizkaia \u201d (1989)  y   \u201d Rutas e Itinerarios Tur\u00edsticos por Espa\u00f1a  \u201d en  l.991.  \u201cVisita  al Pa\u00eds Vasco \u201d (Libro de Inter\u00e9s Tur\u00edstico Nacional  1.995);<br \/>\n\u201d Recuerda Bilbao \u201d ( 1996 );  \u201cDescubriendo la Prehistoria Vasca : gu\u00eda de turismo cultural \u201c ( 1997 ) ;  \u201c Balmaseda , una gu\u00eda de visita \u201c ( 1999 )   y \u201c Las Encartaciones \u201c  en 2005 .<\/p>\n<p>Entre  1.992 y 1.995,  desempe\u00f1\u00f3  la Direcci\u00f3n General de Turismo del Gobierno Vasco, en la Consejer\u00eda de Comercio, Consumo y Turismo.<\/p>\n<p>Ha sido Ponente en  Congresos,  Masters y  Seminarios especializados en  Espa\u00f1a, Francia y Sudam\u00e9rica. Profesora invitada de la Universidad  P.U.C. de Minas Gerais (Brasil) y de la D.U.O.C. de Chile.<\/p>\n<p>Es miembro de  A.E.C.I.T (Asociaci\u00f3n Espa\u00f1ola de Expertos Cient\u00edficos en Turismo) y F.E.P.E.T. (Federaci\u00f3n Espa\u00f1ola de Escritores de Turismo).<\/p>\n<p>En 2012 recibi\u00f3 el Premio Hermestur  que cada a\u00f1o concede la  A.E.P.T. Asociaci\u00f3n Espa\u00f1ola de Profesionales del Turismo como reconocimiento al esfuerzo asociativo\/profesional, la profesionalidad y los valores humanos en el sector tur\u00edstico.<\/p>\n<p>Desde Octubre 2008  es Profesora Em\u00e9rita de la Universidad de Deusto (Bilbao. Espa\u00f1a).<\/p>\n","protected":false},"excerpt":{"rendered":"<p>Dra. Julia G\u00f3mez Prieto Profesora Em\u00e9rita de la Universidad de Deusto (Bilbao. Espa\u00f1a). Doctora en Historia Moderna y Contempor\u00e1nea por la Universidad de Deusto. Profesora de la Facultad de Historia de la misma Universidad entre 1974 y 1992. Trabaja desde 1972 sobre la Historia de Balmaseda (Bizkaia, Pa\u00eds Vasco), sobre cuyas investigaciones ha publicado su [&hellip;]<\/p>\n","protected":false},"author":1,"featured_media":0,"parent":0,"menu_order":0,"comment_status":"closed","ping_status":"closed","template":"","meta":{"footnotes":""},"class_list":["post-194","page","type-page","status-publish","hentry"],"_links":{"self":[{"href":"http:\/\/lanoveladelapatagonia.com\/index.php?rest_route=\/wp\/v2\/pages\/194","targetHints":{"allow":["GET"]}}],"collection":[{"href":"http:\/\/lanoveladelapatagonia.com\/index.php?rest_route=\/wp\/v2\/pages"}],"about":[{"href":"http:\/\/lanoveladelapatagonia.com\/index.php?rest_route=\/wp\/v2\/types\/page"}],"author":[{"embeddable":true,"href":"http:\/\/lanoveladelapatagonia.com\/index.php?rest_route=\/wp\/v2\/users\/1"}],"replies":[{"embeddable":true,"href":"http:\/\/lanoveladelapatagonia.com\/index.php?rest_route=%2Fwp%2Fv2%2Fcomments&post=194"}],"version-history":[{"count":3,"href":"http:\/\/lanoveladelapatagonia.com\/index.php?rest_route=\/wp\/v2\/pages\/194\/revisions"}],"predecessor-version":[{"id":198,"href":"http:\/\/lanoveladelapatagonia.com\/index.php?rest_route=\/wp\/v2\/pages\/194\/revisions\/198"}],"wp:attachment":[{"href":"http:\/\/lanoveladelapatagonia.com\/index.php?rest_route=%2Fwp%2Fv2%2Fmedia&parent=194"}],"curies":[{"name":"wp","href":"https:\/\/api.w.org\/{rel}","templated":true}]}}

<p>Dra. Julia Gómez Prieto</p>
<p>Profesora Emérita de la Universidad de Deusto (Bilbao. España).</p>
<p>Doctora en Historia Moderna y Contemporánea por la Universidad de Deusto.</p>
<p>Profesora de la Facultad de Historia de la misma Universidad entre 1974 y 1992.</p>
<p>Trabaja desde 1972 sobre la Historia de Balmaseda (Bizkaia, País Vasco), sobre cuyas investigaciones ha publicado  su Tesis  Doctoral “ Balmaseda en el Antiguo Régimen  Siglos XVI-XIX. Una villa vizcaína en el Antiguo Régimen  “ (1991); “ Balmaseda , una historia local “<br />
( 1991 ) ; “ El eje Bizkaia / Sevilla-Cádiz / América “ ( 1992 );  “Colección Malseda “   2 tomos de historiografía y documentación inédita en 1995 ;  y más de una treintena  de artículos de revista, conferencias y ponencias sobre la villa de Balmaseda .</p>
<p>Es Miembro de la  Real Sociedad Bascongada  de Amigos  del País (R.S.B.A.P.).<br />
Comisaria del VIII Centenario de la Fundación de Balmaseda en 1.998  y 1.999.<br />
Miembro  de la  F.E.H.M. (Fundación Española de Historia Moderna)</p>
<p>Diplomada en Turismo por la Universidad de Deusto.<br />
Diplomada en Marketing Estratégico Aplicado por el Instituto de Turismo de la  George Washington University,   Washington D.C., EE.UU. (1988).<br />
Profesora Titular  en la Diplomatura de Turismo de la U. de Deusto entre 1995 y 2008.</p>
<p>Tiene publicados una veintena de  libros sobre Turismo, entre ellos:<br />
“Orígenes del Turismo en Bizkaia ” (1989)  y   ” Rutas e Itinerarios Turísticos por España  ” en  l.991.  “Visita  al País Vasco ” (Libro de Interés Turístico Nacional  1.995);<br />
” Recuerda Bilbao ” ( 1996 );  “Descubriendo la Prehistoria Vasca : guía de turismo cultural “ ( 1997 ) ;  “ Balmaseda , una guía de visita “ ( 1999 )   y “ Las Encartaciones “  en 2005 .</p>
<p>Entre  1.992 y 1.995,  desempeñó  la Dirección General de Turismo del Gobierno Vasco, en la Consejería de Comercio, Consumo y Turismo.</p>
<p>Ha sido Ponente en  Congresos,  Masters y  Seminarios especializados en  España, Francia y Sudamérica. Profesora invitada de la Universidad  P.U.C. de Minas Gerais (Brasil) y de la D.U.O.C. de Chile.</p>
<p>Es miembro de  A.E.C.I.T (Asociación Española de Expertos Científicos en Turismo) y F.E.P.E.T. (Federación Española de Escritores de Turismo).</p>
<p>En 2012 recibió el Premio Hermestur  que cada año concede la  A.E.P.T. Asociación Española de Profesionales del Turismo como reconocimiento al esfuerzo asociativo/profesional, la profesionalidad y los valores humanos en el sector turístico.</p>
<p>Desde Octubre 2008  es Profesora Emérita de la Universidad de Deusto (Bilbao. España).</p>

<p>Dra. Julia Gómez Prieto Profesora Emérita de la Universidad de Deusto (Bilbao. España). Doctora en Historia Moderna y Contemporánea por la Universidad de Deusto. Profesora de la Facultad de Historia de la misma Universidad entre 1974 y 1992. Trabaja desde 1972 sobre la Historia de Balmaseda (Bizkaia, País Vasco), sobre cuyas investigaciones ha publicado su [&hellip;]</p>
